e ((-2)/3)/(6/(-333)). Let r = w + -52. Is ((-13)/3)/(1/r) a prime number?
False
Let k = 222 - 11. Is k a prime number?
True
Suppose -2*n = 3*n + 220. Let h(u) = u + 1. Let o be h(5). Is (n/o)/(6/(-27)) composite?
True
Suppose 0 = a + 2 - 1. Let c be a/(-3) + 57/(-9). Let h(j) = -25*j - 7. Is h(c) a composite number?
True
Let x(o) = 4*o**3 - 3*o**2 + 2*o + 191. Let b(z) = -3*z**3 + 2*z**2 - z - 191. Let p(j) = -3*b(j) - 2*x(j). Is p(0) a prime number?
True
Let i(q) = 34*q + 3. Is i(12) a composite number?
True
Is (-3 - -1) + -2 + 483 + 0 prime?
True
Let v be (6 + 1)*(-60)/2. Is ((-24)/(-36))/((-4)/v) a prime number?
False
Suppose 0 - 24 = 2*q. Let p be 1/(0 - 2/q). Is p/15 + 186/10 composite?
False
Suppose 5*y - 15 = -0*y. Let f(z) = z**3 - 4*z**2 + 4*z. Let l be f(y). Let k = l + 7. Is k a prime number?
False
Let t(g) = -2*g + 2 - 3 + 2*g**2 + 9*g**2. Let b be t(-1). Is (-451)/(-4) + 3/b a prime number?
True
Let d be (-245)/28 + (-2)/8. Let q = d + 11. Suppose q*v = v + 5*x + 23, 3*x - 3 = -5*v. Is v a composite number?
False
Suppose 0 = -4*u + 4, 4*b = 5*u - 3*u - 62. Is (-55)/b + (-4)/6 prime?
True
Let d be 14*(2 + 164/8). Suppose -5*s + 393 = 2*h, -s = 3*s + h - d. Is s prime?
True
Suppose 661 = -2*w - q, -3*q + 3 - 12 = 0. Let t = w + 670. Is t prime?
False
Let z be 2*(1 + 2/4). Suppose i + 0 = z. Is 92*((-19)/(-4) - i) composite?
True
Let t = 238 + -111. Is t composite?
False
Let t be (3 + (-15)/(-10))*46. Let c = 7 + -3. Suppose -4*a + t = r, 0*a - c*a + r + 217 = 0. Is a composite?
False
Let b(j) = 27*j**2 + 4*j - 12. Let d be b(-9). Suppose -5*l + d - 674 = 0. Is l a composite number?
False
Let z = -278 + 140. Let w = -83 - z. Is w a prime number?
False
Suppose 23 = -5*d + h - 28, 8 = -2*h. Let b = d - -16. Suppose -33 = -b*m + 4*m. Is m a prime number?
False
Suppose 0 = -j + 2 + 1. Suppose -3*b + 198 = -h, 4*b = -h - j*h + 280. Is b composite?
False
Let f(l) = l + 2. Let p be f(-4). Is (43/(-2))/(p/20) composite?
True
Suppose 3*d + 3*t = 189, -2*d = t - 6*t - 98. Is d composite?
False
Suppose 148 = 13*y - 9*y. Is y a prime number?
True
Let l(r) = -r + 10. Let o(a) = -9. Let d(u) = -4*l(u) - 5*o(u). Is d(4) a composite number?
True
Let h(i) = -i**3 + 10*i**2 - 7*i - 3. Let k(l) = -l**3 - 8*l**2 - 9*l - 7. Let x be k(-7). Let g be h(x). Let w = 192 - g. Is w composite?
False
Suppose u - 195 = 2*u. Let k = 776 + u. Is k a prime number?
False
Is (-4)/(-6)*513/18 a composite number?
False
Suppose -68 = -2*k - 0*k. Is k prime?
False
Let s = 1018 - -2635. Is s composite?
True
Suppose 2*o + i - 306 = -i, 2*o - 331 = 3*i. Let u(q) = q**2 - q + 241. Let a be u(0). Let w = a - o. Is w prime?
True
Suppose -4*j + b + 6739 = -j, -11217 = -5*j - 2*b. Is j a prime number?
False
Suppose x + 20 = -x + 4*z, -x = -z + 14. Let q = -27 - x. Let h(t) = -3*t + 7. Is h(q) a composite number?
True
Let b be -18*((-20)/(-12) + -2). Suppose b*s = 2*s + 1324. Is s a composite number?
False
Is 1*-3 - 8018/(-19) composite?
False
Suppose -s + 5 = -2*s, r - s - 364 = 0. Is r composite?
False
Suppose 4*d - z + 16 = 0, -z = -4*z. Is (-2)/d - 506/(-4) a prime number?
True
Let l(x) = -311*x + 1. Is l(-2) a composite number?
True
Suppose -4*l - 174 = -2*i, 0*i + 4*i - 366 = 2*l. Let j(w) = w**2 - 6*w - 4. Let v be j(7). Suppose v*p - 264 = i. Is p composite?
True
Is 1/3 + 1275/9 composite?
True
Suppose -i + 4 = -1. Suppose 0*g - c - 28 = -5*g, i*g - 3*c = 34. Suppose -g*m + 134 = -3*m. Is m a composite number?
False
Suppose 4 = 3*f - f. Suppose 7 = f*p - 1. Suppose 4*r = -3*n + 38, 5*n - p*r = 21 + 21. Is n a prime number?
False
Let y be 90/12*(-2)/(-3). Suppose a - 601 = -y*c, 375 = 3*c - 0*c - 3*a. Let z = c + -72. Is z a composite number?
True
Let j = -14 - 61. Let v = 43 - j. Is v composite?
True
Let h be (-2)/(2 + (-32)/14). Let m = h - 3. Suppose m*b + 2*z - 10 = 0, -3*b + 2*b - z + 1 = 0. Is b a composite number?
True
Suppose -4*h + 5 = -v - 10, -20 = -4*h - 4*v. Suppose h*y + 14 = 98. Is y a prime number?
False
Let t(r) = -r**3 - 2*r**2 - 4*r - 13. Is t(-4) a prime number?
False
Let w = 13 - -16. Suppose 5*o + 76 + w = 4*x, -2*x - o + 49 = 0. Suppose 0 = s - 3*s - i + x, 2*s - i = 19. Is s composite?
False
Let f(u) = 40*u**2 - 9. Is f(4) composite?
False
Suppose -7*m + 2*m = 5. Let n be -1 + (m/1 - -137). Suppose 3*u = -18 + n. Is u prime?
False
Let f = -46 - -225. Is f composite?
False
Let o = -8 + 28. Suppose -4*q + 5*b = 2 - 22, -2*q - o = 5*b. Suppose q = -2*y + 211 - 53. Is y a prime number?
True
Suppose 13*j + 1733 = 14*j. Is j composite?
False
Let k(f) = -f**3 - 3*f**2 - f + 4. Let s be k(-3). Let w(t) = -t**2 + 7*t + 5. Let v be w(s). Suppose v*i = 94 + 21. Is i a prime number?
True
Suppose 0 = -2*f - 0*f + 6, 0 = -3*v - 5*f + 51. Suppose -2*d + v = -26. Is d prime?
True
Let x be 16/(-4) + (-1)/(-1). Is (-1 - x) + 11 + 2 a prime number?
False
Suppose -m - 5886 = -5*l + l, 0 = 2*l + 2*m - 2938. Is l a composite number?
False
Suppose 2*m = 5*p - m + 7, -5*p - 3*m = -17. Is (-2 + p)*(-9 + -1) a prime number?
False
Let v(q) = 2*q + 0 - 3 + 6*q + q**3 + 10*q**2. Let z be v(-9). Suppose -3*k - 531 = -z*k. Is k a composite number?
True
Let l(x) = -x**3 - 2*x**2 - 1. Let o be l(-3). Suppose 24 = 4*h + o, 5*i = -h + 199. Is i a prime number?
False
Let y(b) = -9*b + b**3 - 2*b + 7*b**2 + 2*b + 6. Let q = 4 - 12. Is y(q) prime?
False
Suppose -2*n = -5*j + 2*n + 40, 3*j + 3*n = -3. Suppose u = j*u - 12. Suppose u*d - 25 = 355. Is d a composite number?
True
Let l = -8 - -7. Let r(k) = -10*k + 1. Is r(l) composite?
False
Suppose 3*r + 5803 = 5*t, -4*r + 2982 = 2*t + 640. Is t composite?
False
Let g be 513/3 - (3 + -2). Let i = g - 93. Is i a composite number?
True
Let h(n) be the second derivative of -n**5/60 + n**4/4 + n**3/2 + n**2 - 2*n. Let b(o) be the first derivative of h(o). Is b(6) a prime number?
True
Is (-477 + -4)*(-5 - -4) composite?
True
Suppose -4*b - 5*s + 9 + 4 = 0, 2*s = 2*b - 2. Let f = -5 + b. Is (-1)/f*(107 - -4) a prime number?
True
Let o = 27 + 26. Is o a prime number?
True
Let x = 4 + -4. Let f be (x - -2)/(1/3). Let t = f + 1. Is t prime?
True
Suppose -7 = 2*b - 1. Is b + (-1)/((-1)/332) prime?
False
Let a be (-22)/6 - 4/(-6). Let q(h) = 13*h**2 + 2*h + 10. Let b be q(-7). Is a*3/(-27)*b composite?
False
Let j be 3/(-9) + 482/6. Suppose -4*p - 324 - j = 0. Let z = 32 - p. Is z a prime number?
False
Let b(x) = -6*x**2 + 26*x - 38. Let v(z) = -2*z**2 + 9*z - 13. Let m(p) = -5*b(p) + 14*v(p). Let n be m(7). Is n/4 + (-5)/10 a composite number?
False
Is 18860/12 + (-6)/9 composite?
False
Suppose -w = -0*w - 3*s - 10, 2*w = -5*s - 24. Is 42*(3 - (-5)/w) a composite number?
True
Suppose x + 2010 = 2*n, -x + 1092 = 2*n - 926. Is n a prime number?
False
Let c(r) = r - 5. Let b be c(0). Let q = b - -8. Suppose -114 = -q*t - 3. Is t prime?
True
Let c(o) = -o**2 + 2. Let u be c(-3). Let h = u - -6. Is (h + -30)*(-3)/3 a prime number?
True
Suppose -2*n + o = -n - 87, -5*n = -o - 451. Is n a composite number?
True
Let i = -14 - -32. Suppose -4*c + 19 = d, 5*d + 3 = i. Suppose 22 = m - 6*z + 2*z, 3*m - c*z = 74. Is m prime?
False
Let h = -20 + 59. Suppose h = a - 40. Is a prime?
True
Let n(s) = -s + 1. Let w(d) = 8*d - 1. Let q(l) = 2*n(l) + w(l). Is q(5) composite?
False
Is (-2)/6*(13 + -406) composite?
False
Let j = 55 - -3. Suppose 0*z + j = z - 5*r, 5*z + 5*r = 140. Is z prime?
False
Let d be (0 + 0)*4/4. Is (2 + -3)*(-59 - d) a prime number?
True
Let s(v) be the second derivative of -v**4/12 + 2*v**3/3 - v**2 - v. Let h be s(3). Is (h - 54)/(1 - 2) composite?
False
Suppose -3*m + 2 + 4 = 0. Is (0 - -1)/(m/62) composite?
False
Let m(a) = -a**2 - 3*a + 1. Let b be m(-3). Suppose 2*v - b = 25. Is 4*(v/4 - 0) a prime number?
True
Suppose -5*h + 0*t + 1558 = -t, -5*t = 4*h - 1229. Is h a composite number?
False
Suppose 5 = 5*k - 5. Suppose k*a - t - 9 = -2*t, 0 = 3*a - 3*t - 9. Suppose 0*n - 3*n + 38 = 2*h, -3*h - a*n = -57. Is h prime?
True
Suppose 2*v - 80 - 34 = 0. Is v composite?
True
Let i(a) be the second derivative of -3*a**5/20 + a**4/6 + a**3/6 - 3*a**2/2 - 9*a. Is i(-3) a prime number?
False
Let h = 2 + 5. Suppose 0 = -2*l + h + 31. Is l a composite number?
False
Suppose 0 = 2*q - 3*q - 16. Let y be (-4)/(-12)*(1 - -74). Let z = y + q. Is z a co